{"id":96,"date":"2025-10-29T09:38:13","date_gmt":"2025-10-29T08:38:13","guid":{"rendered":"https:\/\/e-kosztorysant.com.pl\/?page_id=96"},"modified":"2025-10-29T09:38:13","modified_gmt":"2025-10-29T08:38:13","slug":"roboty-drogowe","status":"publish","type":"page","link":"https:\/\/e-kosztorysant.com.pl\/?page_id=96","title":{"rendered":"Roboty drogowe"},"content":{"rendered":"\n<p>Roboty drogowe to&nbsp;wszelkie prace zwi\u0105zane z budow\u0105, modernizacj\u0105, remontem i utrzymaniem dr\u00f3g oraz innych ci\u0105g\u00f3w komunikacyjnych, takich jak chodniki, \u015bcie\u017cki rowerowe czy parkingi. Obejmuj\u0105 one szeroki zakres dzia\u0142a\u0144, od przygotowawczych prac ziemnych, przez uk\u0142adanie nawierzchni, po prace zwi\u0105zane z utrzymaniem i konserwacj\u0105.&nbsp;<\/p>\n\n\n\n<p>Zakres rob\u00f3t drogowych<\/p>\n\n\n\n<ul class=\"wp-block-list\">\n<li><strong>Roboty przygotowawcze:<\/strong>\u00a0obejmuj\u0105 rozbi\u00f3rki, czyszczenie terenu i wycink\u0119 drzew.<\/li>\n\n\n\n<li><strong>Roboty ziemne:<\/strong>\u00a0to wykonywanie wykop\u00f3w, nasyp\u00f3w, a tak\u017ce wzmacnianie i wyr\u00f3wnywanie gruntu.<\/li>\n\n\n\n<li><strong>Wzmocnienie pod\u0142o\u017ca:<\/strong>\u00a0wykonanie stabilizacji gruntu np. cementem, wapnem lub spoiwami drogowymi.<\/li>\n\n\n\n<li><strong>Wykonanie podbudowy:<\/strong>\u00a0przygotowanie warstwy no\u015bnej pod nawierzchni\u0119, np. z kruszywa lub betonu.<\/li>\n\n\n\n<li><strong>Wykonanie nawierzchni:<\/strong>\u00a0uk\u0142adanie warstw asfaltu, betonu, kostki brukowej, kamiennej lub kruszywa.<\/li>\n\n\n\n<li><strong>Odwodnienie:<\/strong>\u00a0budowa row\u00f3w, \u015bciek\u00f3w, przepust\u00f3w i zbiornik\u00f3w do odprowadzania wody z drogi.<\/li>\n\n\n\n<li><strong>Roboty pomocnicze:<\/strong>\u00a0tworzenie infrastruktury towarzysz\u0105cej, takiej jak ziele\u0144, ma\u0142a architektura, o\u015bwietlenie oraz oznakowanie pionowe i poziome.<\/li>\n\n\n\n<li><strong>Remonty i konserwacja:<\/strong>\u00a0naprawa p\u0119kni\u0119\u0107, frezowanie starych nawierzchni i wyr\u00f3wnywanie nawierzchni nieutwardzonych.\u00a0<\/li>\n<\/ul>\n\n\n\n<p><\/p>\n","protected":false},"excerpt":{"rendered":"<p>Roboty drogowe to&nbsp;wszelkie prace zwi\u0105zane z budow\u0105, modernizacj\u0105, remontem i utrzymaniem dr\u00f3g oraz innych ci\u0105g\u00f3w komunikacyjnych, takich jak chodniki, \u015bcie\u017cki rowerowe czy parkingi. Obejmuj\u0105 one szeroki zakres dzia\u0142a\u0144, od przygotowawczych prac ziemnych, przez uk\u0142adanie nawierzchni, po prace zwi\u0105zane z utrzymaniem i konserwacj\u0105.&nbsp; Zakres rob\u00f3t drogowych<\/p>\n","protected":false},"author":1,"featured_media":0,"parent":0,"menu_order":0,"comment_status":"closed","ping_status":"closed","template":"","meta":{"footnotes":""},"class_list":["post-96","page","type-page","status-publish","hentry"],"_links":{"self":[{"href":"https:\/\/e-kosztorysant.com.pl\/index.php?rest_route=\/wp\/v2\/pages\/96","targetHints":{"allow":["GET"]}}],"collection":[{"href":"https:\/\/e-kosztorysant.com.pl\/index.php?rest_route=\/wp\/v2\/pages"}],"about":[{"href":"https:\/\/e-kosztorysant.com.pl\/index.php?rest_route=\/wp\/v2\/types\/page"}],"author":[{"embeddable":true,"href":"https:\/\/e-kosztorysant.com.pl\/index.php?rest_route=\/wp\/v2\/users\/1"}],"replies":[{"embeddable":true,"href":"https:\/\/e-kosztorysant.com.pl\/index.php?rest_route=%2Fwp%2Fv2%2Fcomments&post=96"}],"version-history":[{"count":1,"href":"https:\/\/e-kosztorysant.com.pl\/index.php?rest_route=\/wp\/v2\/pages\/96\/revisions"}],"predecessor-version":[{"id":97,"href":"https:\/\/e-kosztorysant.com.pl\/index.php?rest_route=\/wp\/v2\/pages\/96\/revisions\/97"}],"wp:attachment":[{"href":"https:\/\/e-kosztorysant.com.pl\/index.php?rest_route=%2Fwp%2Fv2%2Fmedia&parent=96"}],"curies":[{"name":"wp","href":"https:\/\/api.w.org\/{rel}","templated":true}]}}