{"id":106,"date":"2025-10-29T10:02:49","date_gmt":"2025-10-29T09:02:49","guid":{"rendered":"https:\/\/e-kosztorysant.com.pl\/?page_id=106"},"modified":"2025-10-29T10:02:49","modified_gmt":"2025-10-29T09:02:49","slug":"branze","status":"publish","type":"page","link":"https:\/\/e-kosztorysant.com.pl\/?page_id=106","title":{"rendered":"Bran\u017ce"},"content":{"rendered":"\n<p>Bran\u017ce w budownictwie mo\u017cna podzieli\u0107 na kilka g\u0142\u00f3wnych obszar\u00f3w:&nbsp;<strong>budownictwo og\u00f3lne<\/strong>&nbsp;(mieszkaniowe, przemys\u0142owe, infrastrukturalne),&nbsp;<strong>budownictwo specjalistyczne<\/strong>&nbsp;(np. budowa dr\u00f3g, most\u00f3w, sieci),&nbsp;<strong>bran\u017ce instalacyjne<\/strong>&nbsp;(sanitarne, elektryczne, telekomunikacyjne) oraz sektor zwi\u0105zany z&nbsp;<strong>produkcj\u0105 materia\u0142\u00f3w budowlanych<\/strong>. Do bran\u017cy budowlanej zalicza si\u0119 r\u00f3wnie\u017c szeroki zakres prac, takich jak budowa, przebudowa, remont, monta\u017c i rozbi\u00f3rka obiekt\u00f3w.&nbsp;<\/p>\n\n\n\n<p>Podzia\u0142 bran\u017cy budowlanej<\/p>\n\n\n\n<ul class=\"wp-block-list\">\n<li><strong>Budownictwo og\u00f3lne:<\/strong>\u00a0Obejmuje wznoszenie obiekt\u00f3w budowlanych, takich jak budynki mieszkalne, przemys\u0142owe oraz obiekty o charakterze infrastrukturalnym.<\/li>\n\n\n\n<li><strong>Budownictwo specjalistyczne:<\/strong>\u00a0Koncentruje si\u0119 na specyficznych obszarach, takich jak:\n<ul class=\"wp-block-list\">\n<li><strong>Budownictwo in\u017cynieryjne:<\/strong>\u00a0Budowa dr\u00f3g, most\u00f3w, sieci kolejowych, budowli hydrotechnicznych.<\/li>\n\n\n\n<li><strong>Budownictwo energooszcz\u0119dne:<\/strong>\u00a0Skupia si\u0119 na konstrukcjach o zminimalizowanym zapotrzebowaniu na energi\u0119.<\/li>\n<\/ul>\n<\/li>\n\n\n\n<li><strong>Bran\u017ce instalacyjne:<\/strong>\u00a0Dotycz\u0105 sieci i urz\u0105dze\u0144, takich jak:\n<ul class=\"wp-block-list\">\n<li>Sieci i instalacje cieplne, wentylacyjne, gazowe, wodoci\u0105gowe i kanalizacyjne.<\/li>\n\n\n\n<li>Sieci i instalacje elektryczne i elektroenergetyczne.<\/li>\n\n\n\n<li>Instalacje telekomunikacyjne.<\/li>\n<\/ul>\n<\/li>\n<\/ul>\n\n\n\n<p><\/p>\n","protected":false},"excerpt":{"rendered":"<p>Bran\u017ce w budownictwie mo\u017cna podzieli\u0107 na kilka g\u0142\u00f3wnych obszar\u00f3w:&nbsp;budownictwo og\u00f3lne&nbsp;(mieszkaniowe, przemys\u0142owe, infrastrukturalne),&nbsp;budownictwo specjalistyczne&nbsp;(np. budowa dr\u00f3g, most\u00f3w, sieci),&nbsp;bran\u017ce instalacyjne&nbsp;(sanitarne, elektryczne, telekomunikacyjne) oraz sektor zwi\u0105zany z&nbsp;produkcj\u0105 materia\u0142\u00f3w budowlanych. Do bran\u017cy budowlanej zalicza si\u0119 r\u00f3wnie\u017c szeroki zakres prac, takich jak budowa, przebudowa, remont, monta\u017c i rozbi\u00f3rka obiekt\u00f3w.&nbsp; Podzia\u0142 bran\u017cy budowlanej<\/p>\n","protected":false},"author":1,"featured_media":0,"parent":0,"menu_order":0,"comment_status":"closed","ping_status":"closed","template":"","meta":{"footnotes":""},"class_list":["post-106","page","type-page","status-publish","hentry"],"_links":{"self":[{"href":"https:\/\/e-kosztorysant.com.pl\/index.php?rest_route=\/wp\/v2\/pages\/106","targetHints":{"allow":["GET"]}}],"collection":[{"href":"https:\/\/e-kosztorysant.com.pl\/index.php?rest_route=\/wp\/v2\/pages"}],"about":[{"href":"https:\/\/e-kosztorysant.com.pl\/index.php?rest_route=\/wp\/v2\/types\/page"}],"author":[{"embeddable":true,"href":"https:\/\/e-kosztorysant.com.pl\/index.php?rest_route=\/wp\/v2\/users\/1"}],"replies":[{"embeddable":true,"href":"https:\/\/e-kosztorysant.com.pl\/index.php?rest_route=%2Fwp%2Fv2%2Fcomments&post=106"}],"version-history":[{"count":1,"href":"https:\/\/e-kosztorysant.com.pl\/index.php?rest_route=\/wp\/v2\/pages\/106\/revisions"}],"predecessor-version":[{"id":107,"href":"https:\/\/e-kosztorysant.com.pl\/index.php?rest_route=\/wp\/v2\/pages\/106\/revisions\/107"}],"wp:attachment":[{"href":"https:\/\/e-kosztorysant.com.pl\/index.php?rest_route=%2Fwp%2Fv2%2Fmedia&parent=106"}],"curies":[{"name":"wp","href":"https:\/\/api.w.org\/{rel}","templated":true}]}}