{"id":102,"date":"2025-10-29T09:41:08","date_gmt":"2025-10-29T08:41:08","guid":{"rendered":"https:\/\/e-kosztorysant.com.pl\/?page_id=102"},"modified":"2025-10-29T09:41:08","modified_gmt":"2025-10-29T08:41:08","slug":"instalacje-gazowe","status":"publish","type":"page","link":"https:\/\/e-kosztorysant.com.pl\/?page_id=102","title":{"rendered":"Instalacje gazowe"},"content":{"rendered":"\n<p>Instalacja gazowa to system przewod\u00f3w, zawor\u00f3w, regulator\u00f3w i urz\u0105dze\u0144, kt\u00f3ry bezpiecznie transportuje gaz palny z jego \u017ar\u00f3d\u0142a do miejsca zu\u017cycia, takiego jak kuchenka czy kocio\u0142 grzewczy.&nbsp;Mo\u017ce by\u0107 to instalacja w budynku (gaz ziemny lub p\u0142ynny).Instalacja ta musi by\u0107 wykonana przez uprawnionych fachowc\u00f3w i wymaga regularnych przegl\u0105d\u00f3w.&nbsp;<\/p>\n\n\n\n<p>W budynku<\/p>\n\n\n\n<ul class=\"wp-block-list\">\n<li><strong>Cel:<\/strong>\u00a0<\/li>\n<\/ul>\n\n\n\n<p>Dostarczenie gazu do ogrzewania, podgrzewania wody i gotowania.&nbsp;<\/p>\n\n\n\n<ul class=\"wp-block-list\">\n<li><strong>Sk\u0142adowe:<\/strong>\u00a0<\/li>\n<\/ul>\n\n\n\n<p>Obejmuje przy\u0142\u0105cze gazowe, kurek g\u0142\u00f3wny, gazomierz, przewody (zewn\u0119trzne i wewn\u0119trzne), armatur\u0119 oraz urz\u0105dzenia gazowe (kocio\u0142, kuchenka).&nbsp;<\/p>\n\n\n\n<ul class=\"wp-block-list\">\n<li><strong>Rodzaje:<\/strong>\u00a0<\/li>\n<\/ul>\n\n\n\n<p>Mo\u017ce by\u0107 zasilana gazem ziemnym z sieci lub gazem p\u0142ynnym z zewn\u0119trznego zbiornika.&nbsp;<\/p>\n\n\n\n<ul class=\"wp-block-list\">\n<li><strong>Bezpiecze\u0144stwo:<\/strong>\u00a0<\/li>\n<\/ul>\n\n\n\n<p>Wymaga certyfikowanych materia\u0142\u00f3w i musi by\u0107 wykonana przez uprawnionego instalatora.&nbsp;Konieczne s\u0105 r\u00f3wnie\u017c okresowe kontrole szczelno\u015bci.&nbsp;<\/p>\n\n\n\n<p><\/p>\n","protected":false},"excerpt":{"rendered":"<p>Instalacja gazowa to system przewod\u00f3w, zawor\u00f3w, regulator\u00f3w i urz\u0105dze\u0144, kt\u00f3ry bezpiecznie transportuje gaz palny z jego \u017ar\u00f3d\u0142a do miejsca zu\u017cycia, takiego jak kuchenka czy kocio\u0142 grzewczy.&nbsp;Mo\u017ce by\u0107 to instalacja w budynku (gaz ziemny lub p\u0142ynny).Instalacja ta musi by\u0107 wykonana przez uprawnionych fachowc\u00f3w i wymaga regularnych przegl\u0105d\u00f3w.&nbsp; W budynku Dostarczenie gazu do ogrzewania, podgrzewania wody i [&hellip;]<\/p>\n","protected":false},"author":1,"featured_media":0,"parent":0,"menu_order":0,"comment_status":"closed","ping_status":"closed","template":"","meta":{"footnotes":""},"class_list":["post-102","page","type-page","status-publish","hentry"],"_links":{"self":[{"href":"https:\/\/e-kosztorysant.com.pl\/index.php?rest_route=\/wp\/v2\/pages\/102","targetHints":{"allow":["GET"]}}],"collection":[{"href":"https:\/\/e-kosztorysant.com.pl\/index.php?rest_route=\/wp\/v2\/pages"}],"about":[{"href":"https:\/\/e-kosztorysant.com.pl\/index.php?rest_route=\/wp\/v2\/types\/page"}],"author":[{"embeddable":true,"href":"https:\/\/e-kosztorysant.com.pl\/index.php?rest_route=\/wp\/v2\/users\/1"}],"replies":[{"embeddable":true,"href":"https:\/\/e-kosztorysant.com.pl\/index.php?rest_route=%2Fwp%2Fv2%2Fcomments&post=102"}],"version-history":[{"count":1,"href":"https:\/\/e-kosztorysant.com.pl\/index.php?rest_route=\/wp\/v2\/pages\/102\/revisions"}],"predecessor-version":[{"id":103,"href":"https:\/\/e-kosztorysant.com.pl\/index.php?rest_route=\/wp\/v2\/pages\/102\/revisions\/103"}],"wp:attachment":[{"href":"https:\/\/e-kosztorysant.com.pl\/index.php?rest_route=%2Fwp%2Fv2%2Fmedia&parent=102"}],"curies":[{"name":"wp","href":"https:\/\/api.w.org\/{rel}","templated":true}]}}